t is 50017 - 0?
50017
In base 11, what is -812 - 250?
-a62
In base 11, what is -3525 + -4?
-3529
In base 8, what is -5373 - -42?
-5331
In base 8, what is -1 - -440416?
440415
In base 9, what is 4354 - -153?
4517
In base 16, what is ca + 8c?
156
In base 14, what is cdd8 + -4?
cdd4
In base 4, what is -123 + -3202111?
-3202300
In base 11, what is -525 - -38?
-498
In base 11, what is 1 - -342a?
3430
In base 6, what is -2011 + 34250?
32235
In base 16, what is -4 - 1180?
-1184
In base 4, what is 10330022 + 11?
10330033
In base 10, what is 1766 + 64?
1830
In base 13, what is 5a7 - 3?
5a4
In base 10, what is -1 - -7685?
7684
In base 12, what is -564 - -34b?
-215
In base 9, what is -23737 + 2?
-23735
In base 12, what is 2b234 + -2?
2b232
In base 9, what is 5 - -772563?
772568
In base 7, what is 11554131 - -3?
11554134
In base 6, what is -2 - -44510021?
44510015
In base 5, what is -4313210 + 4?
-4313201
In base 2, what is -101000100100110 - -1000?
-101000100011110
In base 9, what is -106118 - 22?
-106141
In base 2, what is -11 + 10000001101110100?
10000001101110001
In base 11, what is 55a37 - 3?
55a34
In base 4, what is -2112013 + -110?
-2112123
In base 5, what is -11211 - -31?
-11130
In base 15, what is -e174 + 4?
-e170
In base 3, what is 202200012011 + 11?
202200012022
In base 7, what is -5 - 21123?
-21131
In base 12, what is b + 133397?
1333a6
In base 14, what is 2 - 216aa?
-216a8
In base 8, what is -2145250 - 4?
-2145254
In base 13, what is 7a0 - -20?
7c0
In base 15, what is 1c + 39ae?
39cb
In base 11, what is 198a582 + 2?
198a584
In base 5, what is 2200220 - -10?
2200230
In base 11, what is -9647 + 216?
-9431
In base 5, what is 13331 - -2340?
21221
In base 13, what is -c57 - 31?
-c88
In base 4, what is -101101032 - -3?
-101101023
In base 16, what is 256c1 + -6?
256bb
In base 6, what is 23254251 - 2?
23254245
In base 9, what is 7566 - 108?
7457
In base 10, what is 829715 - 3?
829712
In base 2, what is 1111100100111001 + -10?
1111100100110111
In base 5, what is -42404 + -100?
-43004
In base 16, what is 34 + 3b?
6f
In base 2, what is 1110011011 - -10111001?
10001010100
In base 8, what is -447 + -13?
-462
In base 11, what is 26429 - -1?
2642a
In base 2, what is -1001001000110 - 10001011?
-1001011010001
In base 8, what is 1 - 54602?
-54601
In base 10, what is -1 - 1075572?
-1075573
In base 3, what is -1000122202010 - -11?
-1000122201222
In base 9, what is -3 - 1253386?
-1253400
In base 15, what is 4 - 1d3b?
-1d37
In base 13, what is 7682 - -95?
7747
In base 5, what is -2431 + -2243?
-10224
In base 15, what is -a0d - -1d?
-9e0
In base 11, what is -1 + 1a1a?
1a19
In base 3, what is -10 - 20110012?
-20110022
In base 5, what is 13122020 + 3?
13122023
In base 5, what is -14444331 + -1?
-14444332
In base 8, what is -7 + 460416?
460407
In base 6, what is -424 - 1033500?
-1034324
In base 5, what is -12313 + 10134?
-2124
In base 16, what is -11 - 138e?
-139f
In base 6, what is 205 + 21151?
21400
In base 10, what is -6 + 18202?
18196
In base 4, what is 0 - -203313?
203313
In base 12, what is 50a + 20?
52a
In base 13, what is -1166 + -1?
-1167
In base 13, what is 277a6 - -2?
277a8
In base 2, what is -10010 - -10011010000?
10010111110
In base 4, what is -12 - -320303003?
320302331
In base 8, what is -1661 - -4653?
2772
In base 10, what is -64 + -12879?
-12943
In base 8, what is 3340 + 166?
3526
In base 11, what is 1179 + 267?
1435
In base 13, what is -4242 - -2?
-4240
In base 6, what is -51 + 335505?
335414
In base 6, what is -4 + 243121?
243113
In base 6, what is -3 - 53411131?
-53411134
In base 7, what is -4243 + 11?
-4232
In base 7, what is 4435 + 3?
4441
In base 2, what is 111 + 1011110000100?
1011110001011
In base 9, what is -373 - -202?
-171
In base 3, what is -212010112 - -11?
-212010101
In base 12, what is -10679 - 7?
-10684
In base 13, what is -20 - 320?
-340
In base 16, what is -4e0 - -30a?
-1d6
In base 7, what is 213 - 32341?
-32125
In base 3, what is 1002210 - -112?
1010022
In base 7, what is -302344 + 4?
-302340
In base 14, what is 1a8c0 + 51?
1a931
In base 6, what is 5 + -113035?
-113030
In base 16, what is -4769 + 0?
-4769
In base 15, what is -2 + e36b?
e369
In base 4, what is -201122321 + -11?
-201122332
In base 14, what is 603 - -2d0?
8d3
In base 5, what is 102 + 32321?
32423
In base 13, what is 1 + 43c5?
43c6
In base 12, what is -12989a8 - -4?
-12989a4
In base 16, what is -154 - 59?
-1ad
In base 4, what is 1 - 2101111?
-2101110
In base 3, what is 202001211 - 1020?
202000121
In base 9, what is -4 + -104354?
-104358
In base 3, what is 0 - -1222002010?
1222002010
In base 15, what is -6 - 2c6?
-2cc
In base 2, what is -1 - -1100101110111?
1100101110110
In base 5, what is -14140433 + 10?
-14140423
In base 4, what is -11 - -11022311223?
11022311212
In base 15, what is -27e - 10a?
-389
In base 10, what is 261241 - -1?
261242
In base 3, what is -1101002 - -20220?
-1010012
In base 3, what is 10 + 12110222021?
12110222101
In base 16, what is 3b8 - -9e?
456
In base 15, what is 53b + -107?
434
In base 8, what is 1022 - 56?
744
In base 15, what is -9 + -2ec?
-306
In base 7, what is 3 - -33204?
33210
In base 8, what is -5 - 10015?
-10022
In base 15, what is 7 - e92?
-e8a
In base 12, what is -2 + -2002?
-2004
In base 14, what is 7 - -45c9?
45d2
In base 4, what is 31022 - 33?
30323
In base 2, what is 100 + -1000001011010001?
-1000001011001101
In base 5, what is -4134 - 1410?
-11044
In base 14, what is -366 + 89?
-2bb
In base 9, what is -52 + -11385?
-11447
In base 10, what is 35 - 6506?
-6471
In base 11, what is -a + 5004?
4aa5
In base 9, what is -11 - 463?
-474
In base 9, what is 10 - -13142?
13152
In base 4, what is -23312221 + -10?
-23312231
In base 16, what is -6 - -14d9?
14d3
In base 12, what is 46 + 212?
258
In base 2, what is -1110101 - -1101011010000?
1101001011011
In base 8, what is 2 + -1133106?
-1133104
In base 16, what is -2f - -3ad?
37e
In base 11, what is -250 + -118?
-368
In base 12, what is -7a84 - -4?
-7a80
In base 11, what is 23115 + 6?
23120
In base 4, what is 111122 + -1020?
110102
In base 3, what is -1112221 + -1020?
-1121011
In base 9, what is 87 - 4302?
-4204
In base 13, what is -437 - -39?
-3cb
In base 8, what is 2621 - -1357?
4200
In base 3, what is -1202 + 1021222021?
1021220112
In base 5, what is -1431401341 - 0?
-1431401341
In base 2, what is -1001110 - -100000001?
10110011
In base 10, what is -780 + 956?
176
In base 11, what is 11 - 94012?
-94001
In base 10, what is 1628 + -603?
1025
In base 3, what is -10122201 - 102?
-10200010
In base 10, what is -1 - -230799?
230798
In base 15, what is 281 + 303?
584
In base 3, what is -1 - 1110020000?
-1110020001
In base 14, what is 3 + -5ac4?
-5ac1
In base 12, what is 0 + 43b413?
43b413
In base 8, what is -24606 + 4?
-24602
In base 16, what is 38328 - 1?
38327
In base 8, what is 2654106 - 3?
2654103
In base 6, what is 10 - 2302411?
-2302401
In base 12, what is -329 + a9?
-240
In base 10, what is 60 - 56?
4
In base 3, what is -1222 + -112211211?
-112220210
In base 13, what is -b40 + 164?
-9a9
In base 4, what is 0 - -1200?
1200
In base 2, what is -1000111111111 + -11?
-1001000000010
In base 6, what is 4 + 35552?
40000
In base 12, what is 690a + 8?
6916
In base 15, what is -14be8 + -4?
-14bec
In base 6, what is -1 + 31212?
31211
In base 13, what is 734c - 4?
7348
In base 11, what is 2a - 14?
16
In base 4, what is 20313333 - 2?
20313331
In base 10, what is 31912 - -14?
31926
In base 7, what is 3564242 - 2?
3564240
In base 7, what is -156 + -121645?
-122134
In base 3, what is -1120 + 101202102?
101200212
In base 13, what is 2a0 + 326?
5c6
In base 13, what is 2c5 - -3789?
3a81
In base 2, what is -11 - -110010100001?
110010011110
In base 10, what is 3543 + -6?
3537
In base 13, what is -1c02 - 19?
-1c1b
In base 4, what is 232112 - -200?
232312
In base 10, what is -4163 - 15?
-4178
In base 13, what is 2 + 7229?
722b
In base 5, what is -10 + -32204112?
-32204122
In base 5, what is 10332 + -30?
10302
In base 3, what is 20211 - -102110?
200021
In base 9, what is -3 - 38325?
-38328
In base 10, what is 67 + 495?
562
In base 5, what is 2 + -3333002?
-3333000
In base 10, what is 3817 - -4?
3821
In base 16, what is 1400 + -6f?
1391
In base 2, what is 1001 + -10111010100101?
-10111010011100
In base 8, what is 